et p(v) = -v**2 - 6*v - 4. Let j be p(-4). Suppose -4*u - m + 0*m + 28 = 0, 36 = 3*u - 3*m. Let g(s) = -u + j*s + 5 - s. What is g(3)?
6
Let k(x) = 13*x**2 - 2*x + 1. Let s be k(1). Let y = s - 17. Let n(b) be the third derivative of -b**6/120 - b**5/10 - 5*b**4/24 - b**3/3 + 6*b**2. Give n(y).
-2
Let h(d) be the second derivative of d**5/20 + d**4/4 - d**3/6 + d**2/2 + 20*d. Determine h(-3).
4
Let q(k) = -k**3 - 5*k**2 + 7*k - 8. Let i(d) = d - 1. Let r(b) = 6*i(b) - q(b). What is r(-5)?
7
Let n(f) = f**3 - 6*f**2 + 1 + 6*f + 0 - 2*f. Let a(t) = t**2 - 2. Let h be a(-3). Suppose -1 = g - 0, -o + 2*g = -h. What is n(o)?
-4
Let t = 22 - 10. Suppose i + 2 = -k, -5*k = -3*i - 18 - t. Let v(q) be the second derivative of q**4/12 + 5*q**3/6 + q**2 - q. Calculate v(i).
2
Let h(p) be the first derivative of -2*p**3/3 + 2*p**2 + 5*p - 2. Let x(r) = -3*r**2 + 5*r + 6. Let a(n) = 6*h(n) - 5*x(n). Suppose 0*q - 2*q = -2. Give a(q).
2
Let t(x) = -4*x. Let k(a) = a - 1. Suppose -5*r = -3*r + 6. Let z(y) = r*k(y) - t(y). What is z(-5)?
-2
Let n(q) = -2 + 1 + 2*q - 1. Let o(b) = b**3 + 26*b**2 + 47*b - 20. Let a be o(-24). Give n(a).
6
Let u(h) = h**2 - h + 1. Suppose -16 = -5*m + 3*d, -2*m + 2*d = 5*d + 2. Give u(m).
3
Let l(h) be the second derivative of -4*h**3/3 - h**2/2 - 3*h. Determine l(-1).
7
Suppose 5*t + i + 18 = -5, -3*t - 21 = -3*i. Let q(h) = -2*h + 0*h - 6 + h. What is q(t)?
-1
Let b(r) = -r**3 + r**2 + 8*r + 7. Let k(i) = i**3 - 9*i - 8. Let t(c) = 4*b(c) + 3*k(c). Let d = 5 + 0. Determine t(d).
4
Let c(q) = -q**3 - 3*q**2 + 2*q - 1. Suppose 2*j - l = -22, 5*j - 2*j + 38 = -l. Let i = j - -10. What is c(i)?
-9
Suppose 0*j = -4*j + 20. Let p(d) = d**2 + d - 6. Give p(j).
24
Let g(y) = -4 + y**3 - 2 - 9*y + 4*y**2 + y + y. What is g(-5)?
4
Let s(l) = -3 + 0*l + l - 6*l + 4*l. Determine s(-6).
3
Let i(z) = -7*z**3 - 4*z**2 - 9. Let v(g) = 6*g**3 + 3*g**2 - g + 8. Let n(r) = 5*i(r) + 6*v(r). Calculate n(4).
11
Let z(l) be the first derivative of 1/3*l**3 + 2*l + 3 + 3*l**2. Calculate z(-6).
2
Let g(x) = -x**2 + 2*x + 7. Let b be g(0). Let w(r) = -r**3 + 6*r**2 + 6*r - 5. Calculate w(b).
-12
Let g(w) be the second derivative of 3*w - 1/3*w**3 + 2*w**2 - 1/12*w**4 + 0. Calculate g(-4).
-4
Suppose 2*j = -j + 24. Let c = j + -5. Let v(w) = w + 2. Let f(p) = p**2 - p + 1. Let u(g) = -f(g) + v(g). Calculate u(c).
-2
Let p = -23 - -14. Let g = p + 13. Let y(n) = n**2 - 4*n + 1. Calculate y(g).
1
Suppose 3*b + 0 = -3. Let f(v) = 2*v**3 + 2*v**2 - 1. What is f(b)?
-1
Let q be (10/5 - 2)*-1. Let g(s) = -3*s - 1. Let z be g(-1). Let o(f) = -4 - f + 1 + z. Calculate o(q).
-1
Let v = 1 + 0. Let o(g) = -v + g**2 + g + 3 - 1. Give o(-1).
1
Let v(h) = -h - 7. Let o be v(-7). Let t(j) be the second derivative of -j**3/6 + j**2/2 + j. What is t(o)?
1
Let z(s) = -6*s + 3. Let d(n) = -2*n + 1. Let v(c) = -17*d(c) + 6*z(c). Give v(1).
-1
Let h = -23 - -20. Let x(w) = 5*w**3 + 3*w**2 - 2*w - 1. Let z(r) = 4*r**3 + 3*r**2 - r - 1. Let p(u) = -3*x(u) + 4*z(u). Give p(h).
-7
Let n(t) = -2*t**2 - t. Suppose 1 = -5*a + 3*k, a - 2 = -a + 2*k. Calculate n(a).
-6
Let p = 3 + -1. Let h(x) be the third derivative of -x**4/6 - x**3/6 + 13*x**2. Calculate h(p).
-9
Let g be 116/36 + (-4)/18. Let r(d) = -d - g + d - d + 0. What is r(4)?
-7
Let f(z) be the third derivative of z**4/24 - 7*z**3/6 - z**2. Let c be (-8)/36 + (-33)/(-27). Suppose 2*q + 3*i = -3, c + 3 = -4*i. Determine f(q).
-7
Let m(o) = -o - 6. Let f be m(-4). Let x(s) = -3*s. Calculate x(f).
6
Let g(f) = 4*f**3 + 1. Let y be (12/9)/1 - (-7)/(-21). What is g(y)?
5
Suppose 0 = -0*d + d + 18. Let a be (d/(-4))/((-18)/24). Let l(j) = j**3 + 5*j**2 - 4*j + 7. Give l(a).
-5
Let f(x) = -x**3 + 7*x**2 - 3*x + 16. Let y be f(7). Let s(b) = b**3 + 5*b**2 + 3*b + 1. Calculate s(y).
-14
Let q(b) = 4*b + 14. Let g be q(-3). Let r(a) = -1 + 1 - 4*a + 2. Calculate r(g).
-6
Suppose k - 3*k - 4*s = -14, 3*s = -2*k + 12. Let p = 5 + -4. Let c(a) = a**2 + 1 + p - 4*a - a + 0*a. Calculate c(k).
-4
Let j(t) be the third derivative of 0 + 0*t + 1/8*t**4 - 1/3*t**3 + 2*t**2. Determine j(2).
4
Let b = -11 + 16. Suppose 2*m = m + 2. Let w(h) = 2*h**2 + 1 + 5*h + 0*h - 2*h**m - 6*h**2 + h**3. Determine w(b).
1
Let i = -92 - -91. Let d(x) = 15*x**2 - 1. Determine d(i).
14
Suppose 0 = -4*u + 2*b + 22, -2*u + 4*b - 11 = -5*u. Suppose 12 - 2 = -u*z. Let t(q) = 0*q**3 - 3*q**3 - 2*q - 3*q**2 + 2*q**3 + 1. Determine t(z).
1
Let x = -1 + 3. Let h be (3/6)/1*x. Let y(i) = -2*i - 1. Give y(h).
-3
Let f be ((-6)/(-4) + (-15)/10)/(-1). Let x(l) = -2*l**2 - 15. Let g(r) = r**2 + 8 - 4*r + 4*r. Let s(j) = -5*g(j) - 3*x(j). Calculate s(f).
5
Suppose 8*i = 3*i. Let h(y) = 0*y - 1 - y - 2. Determine h(i).
-3
Let y(j) be the first derivative of j**4/4 - j**3 - 3*j**2 + 3*j + 1. Suppose 0 = 4*g - g. Suppose g*h + h = 4. Calculate y(h).
-5
Let o(r) = -1. Let m(g) = g**2 + 4*g - 8. Let k(w) = -m(w) + 5*o(w). Calculate k(-5).
-2
Let q(r) be the third derivative of 6*r**2 + 0*r - 1/120*r**6 + 2/3*r**3 + 0*r**4 + 1/30*r**5 + 0. What is q(3)?
-5
Suppose -5*d + 56 = -54. Let j be (-8)/20 + d/5. Suppose j = 4*x - 8*x. Let g(c) = -5*c**2 + 2*c + 1. What is g(x)?
-6
Let n(o) = -2 + 2*o - 3*o - 1. What is n(-6)?
3
Let g(f) = 5*f**3 + 5*f**2 + 5*f - 4. Let j(w) = w**3 - w**2 - w + 1. Let h(l) = g(l) + 5*j(l). Determine h(-1).
-9
Let g(j) be the first derivative of j**4/4 + j**2/2 - 7*j - 2. Suppose 2*d - 2 = -0. Let b be ((3 - 5) + 2)*d. Determine g(b).
-7
Let n(b) = -9*b - 18. Let r(k) = -4*k - 9. Let x(m) = 3*n(m) - 7*r(m). What is x(-6)?
3
Suppose -4*m + 16 = r, -r = -3*m - 5*r + 25. Suppose -m*s + 7 = -38. Let x = s + -11. Let f(u) = -u**2 + 5*u - 1. What is f(x)?
3
Let w(x) be the third derivative of -x**6/120 - x**5/10 + x**4/3 + 2*x**3/3 - 15*x**2. What is w(-7)?
-3
Let c = 44 - 40. Let l(p) be the third derivative of -p**5/60 + p**4/6 + 5*p**3/6 + 2*p**2. What is l(c)?
5
Let o(n) = 21*n + n**2 + 22*n - 9 - 49*n. Give o(7).
-2
Let j be 19*1/(-3)*-3. Suppose -3*t + 4*d = -13, t + d - j = 6*d. Let z(p) = -p**2 + p + 2. Let f(u) = -u**2 - 1. Let l(x) = -f(x) - z(x). Calculate l(t).
2
Let r(i) = 9*i - 8. Let d(o) = -5*o + 4. Let p(s) = 11*d(s) + 6*r(s). Calculate p(3).
-7
Let j(y) = -10*y**3 - 2*y - 1. Let g(z) = -9*z**3 - 2*z - 1. Let t(p) = -3*g(p) + 2*j(p). Calculate t(-1).
-8
Let f(p) = -2*p**3 + 0*p**3 - 3*p**2 + 2*p**2 - 3 + p**3. What is f(0)?
-3
Suppose 4*d = d - 3. Suppose -2*m + 2*t - 2 = -m, 5*m = 5*t. Let k(v) = -1 - 2*v**m - 7*v**3 + 2*v**2 + v**2 - v - 2*v**2. What is k(d)?
6
Suppose -x + 2*k + 1 = 0, -2*x = -7*x + 5*k + 10. Let y(d) = 9*d - 3 - 2*d**2 + d**x + 2*d - 10*d + 0*d**2. Suppose 3*t = 10 - 1. Calculate y(t).
9
Let r(b) = -5*b**3 + 4*b**3 - 6*b**2 + b**2 - 5*b - 1. Suppose -4 = -0*t + t. What is r(t)?
3
Let m = -40 - -33. Let f(b) = -b - 2. What is f(m)?
5
Suppose -4*y + 1 = 5*h, y - 5*y + 3*h = -25. Let m(j) = 3 - 1 - 3 - y*j. Give m(-1).
3
Suppose 5*z = -8 + 23. Suppose -f + z = -0*f. Suppose 5*t - 2*m = -25, 5*t + f*m = 3*t + 9. Let b(n) = -3*n - 4. Determine b(t).
5
Let t = 6 + -6. Suppose -2*h - h = t. Let u(i) = 3 + h - 3 + i. Calculate u(-2).
-2
Let w(p) be the first derivative of -3*p**3 - 5*p**2/2 - 7*p + 19. Let g(z) = 6 - 1 + 5*z**2 + 3*z - 1. Let s(v) = -5*g(v) - 3*w(v). Give s(1).
3
Let m(f) = f**3 + 3*f**2 - f - 2. Suppose r - 28 + 30 = 0. Give m(r).
4
Let u(w) = -7*w + 5. Let n(o) = -3 - 2 + 1 + 13*o - 5. Let y(f) = -6*n(f) - 11*u(f). Suppose 4*v + t - 6 = 9, 3*v - 35 = 4*t. Determine y(v).
-6
Let g(m) = -m**3 - m**2 + 4. Suppose -48*x = -43*x. Determine g(x).
4
Let o(a) = -5*a + 3. Suppose 2*t + 9 = 5*z - 19, -z - t = 0. Let x be (2 - 14/z)*-2. What is o(x)?
-12
Let q = -73/2 + 37. Let r(k) be the first derivative of k - 1 + q*k**2. Determine r(-3).
-2
Let k be 10*(-2)/8*2. Let t(i) = -i**2 - 5*i + 1. Let x be t(k). Let u(g) be the first derivative of 8*g**3/3 - g**2/2 - 2. What is u(x)?
7
Let g = 0 + -5. Suppose -3*t + 0*b + 22 = b, t + 6 = 3*b. Let u(h) = -t*h**2 - 7 - 7*h + 8*h**2 - 3*h**2. Calculate u(g).
3
Let r(h) be the second derivative of -h**5/20 + h**4/2 + 7*h**3/6 - 2*h**2 + 7*h. What is r(7)?
-4
Let a be (-2 - (2 + 2))/(-2). Let d(b) = 4*b + 9. Let w(p) = 3*p + 9. Let g(v) = a*w(v) - 2*d(v). Let z(x) = 2*x + 17. L